{"id":44,"date":"2024-07-11T17:24:43","date_gmt":"2024-07-11T20:24:43","guid":{"rendered":"https:\/\/ardueng.com.br\/?page_id=44"},"modified":"2024-07-11T17:24:43","modified_gmt":"2024-07-11T20:24:43","slug":"area-de-atuacao","status":"publish","type":"page","link":"http:\/\/ardueng.com.br\/?page_id=44","title":{"rendered":"\u00c1rea de Atua\u00e7\u00e3o"},"content":{"rendered":"","protected":false},"excerpt":{"rendered":"","protected":false},"author":1,"featured_media":0,"parent":0,"menu_order":0,"comment_status":"closed","ping_status":"closed","template":"wp-custom-template-reas-de-atua-o","meta":{"footnotes":""},"class_list":["post-44","page","type-page","status-publish","hentry"],"_links":{"self":[{"href":"http:\/\/ardueng.com.br\/index.php?rest_route=\/wp\/v2\/pages\/44"}],"collection":[{"href":"http:\/\/ardueng.com.br\/index.php?rest_route=\/wp\/v2\/pages"}],"about":[{"href":"http:\/\/ardueng.com.br\/index.php?rest_route=\/wp\/v2\/types\/page"}],"author":[{"embeddable":true,"href":"http:\/\/ardueng.com.br\/index.php?rest_route=\/wp\/v2\/users\/1"}],"replies":[{"embeddable":true,"href":"http:\/\/ardueng.com.br\/index.php?rest_route=%2Fwp%2Fv2%2Fcomments&post=44"}],"version-history":[{"count":1,"href":"http:\/\/ardueng.com.br\/index.php?rest_route=\/wp\/v2\/pages\/44\/revisions"}],"predecessor-version":[{"id":66,"href":"http:\/\/ardueng.com.br\/index.php?rest_route=\/wp\/v2\/pages\/44\/revisions\/66"}],"wp:attachment":[{"href":"http:\/\/ardueng.com.br\/index.php?rest_route=%2Fwp%2Fv2%2Fmedia&parent=44"}],"curies":[{"name":"wp","href":"https:\/\/api.w.org\/{rel}","templated":true}]}}